48502 is divided by 23.
21
What is the remainder when 106079 is divided by 856?
791
What is the remainder when 10654221 is divided by 1861?
1857
Calculate the remainder when 1192445 is divided by 1183.
1164
Calculate the remainder when 7846091 is divided by 27149.
30
What is the remainder when 1605187 is divided by 12945?
7
Calculate the remainder when 564838 is divided by 306.
268
Calculate the remainder when 3468918 is divided by 7008.
6966
What is the remainder when 3391642 is divided by 39?
7
Calculate the remainder when 25894994 is divided by 1192.
1178
Calculate the remainder when 16426644 is divided by 1368883.
48
Calculate the remainder when 79500 is divided by 305.
200
What is the remainder when 684717764 is divided by 3688?
3684
What is the remainder when 428617 is divided by 1017?
460
What is the remainder when 2441242 is divided by 29?
22
Calculate the remainder when 68096 is divided by 273.
119
Calculate the remainder when 1020914 is divided by 822.
812
What is the remainder when 767836 is divided by 21938?
6
What is the remainder when 296290 is divided by 572?
566
Calculate the remainder when 82492 is divided by 2241.
1816
Calculate the remainder when 40307985 is divided by 42.
39
Calculate the remainder when 97957562 is divided by 37.
25
What is the remainder when 4721646 is divided by 660?
6
Calculate the remainder when 154462536 is divided by 79.
77
Calculate the remainder when 2667041 is divided by 7.
6
What is the remainder when 262903 is divided by 323?
304
Calculate the remainder when 252611 is divided by 802.
783
What is the remainder when 1971233 is divided by 985597?
39
Calculate the remainder when 12069838 is divided by 12069836.
2
What is the remainder when 10108 is divided by 552?
172
What is the remainder when 33768 is divided by 6521?
1163
What is the remainder when 209742 is divided by 104477?
788
Calculate the remainder when 386073 is divided by 528.
105
What is the remainder when 3174932 is divided by 89?
35
What is the remainder when 27329379 is divided by 260?
259
What is the remainder when 91568 is divided by 91524?
44
What is the remainder when 56650 is divided by 7749?
2407
Calculate the remainder when 295726 is divided by 4402.
792
Calculate the remainder when 6311478 is divided by 485464.
446
Calculate the remainder when 519880 is divided by 129970.
0
What is the remainder when 28654 is divided by 2365?
274
Calculate the remainder when 536847299 is divided by 2532.
2531
Calculate the remainder when 3419 is divided by 3081.
338
Calculate the remainder when 39826323 is divided by 22040.
43
Calculate the remainder when 24241752 is divided by 54.
18
Calculate the remainder when 139089821 is divided by 225.
221
Calculate the remainder when 560748 is divided by 112058.
458
What is the remainder when 223603 is divided by 27947?
27
Calculate the remainder when 6384728 is divided by 12.
8
What is the remainder when 177879 is divided by 333?
57
What is the remainder when 303806192 is divided by 1511?
1510
What is the remainder when 472761 is divided by 13?
3
What is the remainder when 1912092213 is divided by 7032?
7029
Calculate the remainder when 3928059 is divided by 301.
9
Calculate the remainder when 2637074 is divided by 50.
24
What is the remainder when 1954229 is divided by 55835?
4
What is the remainder when 6794268 is divided by 254?
22
Calculate the remainder when 11671 is divided by 2924.
2899
What is the remainder when 26039 is divided by 4842?
1829
What is the remainder when 70133 is divided by 3524?
3177
What is the remainder when 28482 is divided by 100?
82
Calculate the remainder when 106642 is divided by 217.
95
What is the remainder when 676037 is divided by 19865?
627
Calculate the remainder when 34727037 is divided by 5873.
5861
What is the remainder when 147204 is divided by 14718?
24
Calculate the remainder when 1423659 is divided by 386.
91
What is the remainder when 998390 is divided by 998366?
24
Calculate the remainder when 106440 is divided by 5322.
0
What is the remainder when 272769 is divided by 366?
99
What is the remainder when 482065 is divided by 7095?
6700
What is the remainder when 43233118 is divided by 84?
82
Calculate the remainder when 105878 is divided by 7226.
4714
Calculate the remainder when 22681635 is divided by 238.
235
Calculate the remainder when 160721 is divided by 80313.
95
Calculate the remainder when 2484735 is divided by 1134.
141
Calculate the remainder when 435250 is divided by 434004.
1246
What is the remainder when 11207152 is divided by 640?
112
What is the remainder when 1434475 is divided by 581?
567
What is the remainder when 499283 is divided by 628?
23
Calculate the remainder when 14309571 is divided by 3914.
3901
What is the remainder when 6969792 is divided by 2898?
102
Calculate the remainder when 1308414 is divided by 387.
354
Calculate the remainder when 106788 is divided by 21322.
178
Calculate the remainder when 13947 is divided by 2790.
2787
Calculate the remainder when 7074091 is divided by 35.
31
Calculate the remainder when 636497 is divided by 40.
17
What is the remainder when 13906501 is divided by 41?
39
What is the remainder when 918683 is divided by 21?
17
What is the remainder when 2596919 is divided by 1298432?
55
Calculate the remainder when 69414342 is divided by 315.
312
What is the remainder when 23915004 is divided by 2989374?
12
What is the remainder when 71752057 is divided by 428?
425
What is the remainder when 58878 is divided by 956?
562
Calculate the remainder when 657182 is divided by 25275.
32
What is the remainder when 133891907 is divided by 12?
11
What is the remainder when 279071 is divided by 39858?
65
Calculate the remainder when 3097641 is divided by 54335.
546
Calculate the remainder when 48513538 is divided by 24256762.
14
Calculate the remainder when 1201773 is divided by 30.
3
Calculate the remainder when 233871 is divided by 4257.
3993
Calculate the remainder when 396464 is divided by 257.
170
What is the remainder when 1086060 is divided by 245?
220
Calculate the remainder when 1600869 is divided by 152.
5
What is the remainder when 10713898 is divided by 100?
98
What is the remainder when 20358388 is divided by 6110?
5978
Calculate the remainder when 152556301 is divided by 147.
142
Calculate the remainder when 11223331 is divided by 34.
33
What is the remainder when 531335 is divided by 644?
35
Calculate the remainder when 48267261 is divided by 55.
31
Calculate the remainder when 315325 is divided by 267.
265
What is the remainder when 28401782 is divided by 4733630?
2
Calculate the remainder when 775319 is divided by 1392.
1367
Calculate the remainder when 157976 is divided by 152449.
5527
What is the remainder when 766932 is divided by 2045?
57
Calculate the remainder when 4618279 is divided by 649.
644
Calculate the remainder when 3021109 is divided by 1103.
1095
Calculate the remainder when 67134905 is divided by 2598.
2585
What is the remainder when 566650629 is divided by 381?
378
Calculate the remainder when 1335996 is divided by 305.
96
Calculate the remainder when 19028263 is divided by 28.
23
Calculate the remainder when 558992219 is divided by 79.
69
What is the remainder when 2427984 is divided by 373?
127
Calculate the remainder when 20098400 is divided by 3679.
23
What is the remainder when 19947714 is divided by 331?
330
Calculate the remainder when 6570919 is divided by 1314182.
9
What is the remainder when 8512002 is divided by 1702389?
57
What is the remainder when 4059603 is divided by 271?
23
Calculate the remainder when 543278 is divided by 1598.
1556
Calculate the remainder when 318520 is divided by 471.
124
What is the remainder when 29930886 is divided by 3986?
12
What is the remainder when 44909934 is divided by 356428?
6
Calculate the remainder when 8772304 is divided by 7347.
7333
Calculate the remainder when 4169 is divided by 680.
89
What is the remainder when 551242 is divided by 463?
272
What is the remainder when 147487 is divided by 49154?
25
Calculate the remainder when 15924 is divided by 5263.
135
What is the remainder when 11627964 is divided by 7?
5
Calculate the remainder when 18593 is divided by 17030.
1563
What is the remainder when 225364 is divided by 22177